 - 1. Let b be t(-4). Let w = 63 + b. Suppose 2*y = -3*g + w, 0*y = -g - 4*y + 24. What is the units digit of g?
4
Let b(d) = 29*d. Let u be b(2). Suppose v = -v + t - u, -2*t - 34 = v. What is the units digit of (v/20)/((-6)/64)?
6
Let x(t) = 66*t**2 - 5*t + 1. What is the tens digit of x(1)?
6
Let c = 12 - 6. Let l = 2 + -2. Let f = c - l. What is the units digit of f?
6
Let b(s) = 2*s + 2. Let u be b(-2). What is the units digit of (-1 - -4) + u + 2?
3
Suppose 3*p = -g + 67, -p + 4*g = -3 - 2. Suppose z - 5*t = p, -3*z - t + 52 = -5*t. What is the tens digit of z?
1
Let b(q) = -q**2 + 14*q + 15. Let f be b(15). Suppose f = -2*r - 5*m + 48 - 3, 3*r - 10 = 4*m. What is the tens digit of r?
1
Let w be ((2 - 1)*-12)/(-1). Suppose -w = 4*r - 7*r. What is the units digit of r?
4
Let v = 59 - 29. Suppose -5*m + v = -50. What is the units digit of m?
6
What is the units digit of -1*(-9)/(-2)*110/(-11)?
5
Let j = -2 - -5. Let d(f) = -f**3 - j*f**2 + 4 - 4 + 3 + 4*f. What is the units digit of d(-4)?
3
Let q(u) = u**2 + 3*u. Let n(v) = 3*v**2 + 8*v + 1. Let t(s) = 3*n(s) - 8*q(s). What is the units digit of t(0)?
3
Suppose 291*u = 293*u - 512. What is the hundreds digit of u?
2
Suppose 10 = -2*k, -m = -5*k - 16 - 9. Suppose m*b + 95 = 5*b. Let s = b - 12. What is the units digit of s?
7
Suppose 4*k + 8*k - 2448 = 0. What is the tens digit of k?
0
Let x(t) = -t - 1. Let u(a) = -3*a + 1. Let w be u(-1). Let f = -9 + w. What is the units digit of x(f)?
4
Let a(t) = -t**3 - 5*t**2 + 8*t + 10. Let l be a(-7). Suppose 0*s = 2*s - l. What is the units digit of s?
6
Suppose 3*y = 5*k - 1066, -392 = -4*k + y + 458. What is the tens digit of k?
1
Let g(w) = 3*w**3 - 29*w**2 - 11*w + 1. Let d(k) = -k**3 + 10*k**2 + 4*k. Let r(b) = 11*d(b) + 4*g(b). Suppose 27 = 4*h + 3. What is the units digit of r(h)?
4
Let u(w) = -w**2 + w + 4. Let j be u(-3). Let t be (-1 - -4)/3 + j. What is the units digit of (-40)/t - (-4)/14?
6
Let n(j) = 2*j**2 - 4. What is the tens digit of n(8)?
2
Suppose -3*v = -3*b - 213, 0 = 3*v - 2*b - 54 - 163. Suppose -2*x - x = 3*h - 18, -4*h = -x + 6. Suppose -o - v = -x*o. What is the units digit of o?
5
Suppose 5*k - 1362 = -5*y - 97, 5*k + 2*y - 1274 = 0. What is the units digit of k?
6
Suppose 4*v = 3*v + 4*l + 2, 3*v - 4*l - 22 = 0. Let z(i) = 9 + i**2 - 12*i + v - 3. What is the units digit of z(11)?
5
What is the units digit of -57*-1*(-8)/(-6)?
6
Suppose -5*q + 0*q = -20. Let b(p) = -p**3 - 3*p**2 - 3*p - 2. Let r be b(-2). Suppose 2*z - q*z + 4 = r. What is the units digit of z?
2
Let h(l) = 24*l - 26. What is the units digit of h(5)?
4
Let j be 6/9 - (-2)/6. Suppose j = 2*c - 3. Suppose 10 = 5*q + c*t, -6 = -5*q - t + 9. What is the units digit of q?
4
Let n be (50/(-5))/((-2)/2). What is the tens digit of n/25 - (-256)/10?
2
Let h(k) = -k - 5. Let x be h(-5). Let i(s) = s + 0*s + 2*s + x*s - 3. What is the units digit of i(4)?
9
Suppose t = 3*n - 560, -3*n + 2*n + 160 = 5*t. What is the tens digit of n?
8
Suppose -8*h + 3*h = -20. Suppose -h*a + 78 = 6. What is the tens digit of a?
1
Suppose -12 = -3*w, 2*w - 234 = -3*t - w. What is the units digit of t?
4
Let d(x) = 3*x - 1. Let j be d(2). Suppose -j*y - 2*h - 9 = 5, 0 = 4*y + h + 10. What is the tens digit of 76/6*(-3)/y?
1
Suppose q = 5*q - 28. Suppose -q - 13 = -5*t. What is the units digit of t?
4
Suppose -2 = z + 2. Let k = 11 - z. What is the units digit of 8/(-12)*k/(-2)?
5
Let y(x) = -x**2 - 12*x - 5. What is the units digit of y(-11)?
6
Let g = 3 + 0. Let o = 1 - g. Let l(b) = b**3 + 3*b**2 - b. What is the units digit of l(o)?
6
Let s(m) = m + 4. Let l be s(-4). Suppose -5*j = -l*j - 30. What is the units digit of j?
6
Suppose a + 8 = 3*v, -4*v = 4*a - a - 15. Suppose 0 = -b - 0*p + 2*p + 1, -4*b + v*p = -4. What is the units digit of b?
1
Suppose 6*v = v + 45. Let r = v - 4. What is the units digit of r?
5
Suppose -425 = -5*l - 155. What is the units digit of l?
4
Suppose -2*w + w = 0. Let l = 1 - w. What is the units digit of 5/2*(l - -1)?
5
Let t(y) = -y**2 - 4*y. Let d be t(-2). Suppose 4 = -v - n + 3, 8 = -d*v - 3*n. What is the units digit of 0 - (v + -1 + 2)?
4
Suppose 3*b = -0*b + 6. Suppose -84 = -5*d + 3*g, b*g + 65 + 21 = 5*d. Suppose 66 = 4*o + d. What is the units digit of o?
2
Let q(v) = -8*v + 60. What is the units digit of q(-19)?
2
Suppose 3*b - 156 = 4*n - 19, 3*n - 180 = -5*b. Suppose 0 = -3*p + 3 + b. What is the units digit of p?
4
Let o = -2 - -4. Let x = -2 + o. Suppose x = 5*p - 2*u - 39, -p - 12 = -4*p + 5*u. What is the units digit of p?
9
What is the hundreds digit of 0 - 13/(26/(-460))?
2
Suppose 0*d + 31 = 4*w + 5*d, -3*w + 21 = 3*d. Suppose 5 = -3*r - w. What is the tens digit of (-35)/r - 8/12?
1
Let y be (-279)/(-21) - (-6)/(-21). Let q = y + -8. Let s = q + 4. What is the units digit of s?
9
Suppose -4*w + 20 = -0*w. Let u = -4 + w. What is the units digit of u?
1
Suppose 3*t - 27 = -9. Let p(h) = 4*h**2 - h + 3. Let u be p(-3). Suppose 0 = -5*v - r + u, 0 = -t*v + 2*v - 4*r + 40. What is the units digit of v?
8
Let o = 5 - 4. Let g be (0/o)/(3/(-3)). Let r(k) = -k**2 - k + 6. What is the units digit of r(g)?
6
Let i(o) = 3*o - 4*o**2 + 3*o**2 + 1 + 10*o. What is the units digit of i(12)?
3
Suppose j - 3 = 2*n, -j = -n + 2 - 3. Let u(s) = -5*s + 2*s - s + 0*s. What is the units digit of u(n)?
8
Let c = -2 - -2. Suppose c*l = 4*l - 4. What is the units digit of l + 7/(21/18)?
7
Suppose 0 = 4*b - 47 - 33. Let r be (-6)/(-4)*b/6. Suppose -11 = 4*a - r*i, 11 = 2*a + 5*i - 2*i. What is the units digit of a?
1
Let f(y) = 4*y. Let t be f(1). Let v = 10 + t. What is the units digit of v?
4
Let u(p) be the first derivative of 3*p**3 - p**2/2 - 2*p - 7. What is the tens digit of u(2)?
3
Suppose 4*i + 2*y = -y + 240, 0 = 5*i - 3*y - 273. What is the units digit of i?
7
Let p(j) be the third derivative of -j**4/24 + j**3/2 - 6*j**2. What is the units digit of p(-4)?
7
Let m(k) be the third derivative of 5*k**4/24 - 2*k**3/3 + 2*k**2. What is the units digit of m(6)?
6
Let u be (-3)/(-2)*1*2. Let i(k) = -k - 2. Let h be i(-5). What is the units digit of h*u/6*2?
3
Let q = -28 + 20. Let j = q + 26. What is the units digit of j?
8
Suppose 2*v = 10 + 16. Suppose -6 = u - v. What is the units digit of u?
7
Suppose -3*f = 8 + 1, 0 = -5*n - f + 342. What is the units digit of n?
9
What is the units digit of (2523/15 - -3) + (-1)/5?
1
Let d = 4 - 1. Suppose 4*y - h - 45 = 0, -7*y = -d*y - 4*h - 60. What is the tens digit of y?
1
Suppose -2*f = 4*f - 474. What is the tens digit of f?
7
Let w(r) = -6*r + 9*r + 11 - 2 + 3*r. What is the tens digit of w(4)?
3
Let l(o) = -2*o**2 + o**3 - 5*o**2 + 0*o**2 - 3 + 3*o**2 + 5*o. Let b be l(4). Suppose -4*z = -b - 3. What is the units digit of z?
5
Suppose 3*p = -l - 18, 0 = -0*l - 2*l + 2*p - 20. What is the units digit of l/7*105/(-30)?
6
Suppose 24 = 5*q - 2*q. Let d(t) = -2*t - q*t**2 + t**2 + 8 - 3*t - t**3. What is the units digit of d(-6)?
2
Let k be 1 + (-1)/(1/(-34)). Suppose -4*t - 30 = -b, 4*t + k = 3*b + 3*t. What is the tens digit of b?
1
Suppose p - 2*m = 18, 3*p + 4 = -2*m + 34. Suppose -x - 2*x = -p. What is the units digit of x?
4
Let g(v) = 11*v**2 - 23*v + 9. Let d(j) = 4*j**2 - 8*j + 3. Let c(q) = -17*d(q) + 6*g(q). Let z be c(2). Let o = 17 + z. What is the units digit of o?
8
Suppose -11*j - 11 = -1958. What is the units digit of j?
7
Let w be (1/(-2))/(-1)*0. Suppose -3*c + 2*n + n = -30, c + 5 = 4*n. Suppose w = f + 4*x + c, 4*x + 19 = f + 2*f. What is the units digit of f?
1
What is the tens digit of 55 - (3*1 - (11 + -9))?
5
Suppose 347 + 4 = 3*r. What is the hundreds digit of r?
1
Suppose 3*t + 62 = 233. What is the units digit of t?
7
Suppose 0 = 2*m + m - 6. Suppose 5*f - 17 = 2*r, -f + 6 = -m*r + 1. What is the units digit of 9 - 3/f*0?
9
Let j = 4 - 9. Let w(q) = -2*q - 6. Let m be w(j). Suppose -a = m*a - 20. What is the units digit of a?
4
Let q = -14 + 61. What is the tens digit of q?
4
Let r = -8 + 42. Let s(n) = -n - 1. Let f be s(1). What is the units digit of r/6 - f/6?
6
Let k(t) be the first derivative of t**2/2 + t + 1. What is the units digit of k(4)?
5
Suppose -2*q + 3*q + 1 = 0. Let a be (-9)/(-6)*-2*q. Suppose a*m + 16 = -m, -m = 3*x + 1. What is the units digit of x?
1
L